 by i(-4).
16
Let b(z) = z**2 - 2*z + 7. Calculate the remainder when b(8) is divided by 28.
27
Calculate the remainder when 53 is divided by (-171)/(-12) + 1/(-4).
11
What is the remainder when 134 is divided by (9/12)/((-3)/(-108))?
26
Suppose 4*k - 70 = 2*i - 312, -5*i + 2*k = -573. What is the remainder when i is divided by 38?
37
Suppose 5*h - 3*l = 314, -4*l = -2*h + 5*h - 171. Suppose 6*d - d + 3*o - 65 = 0, 0 = -d - 2*o + 6. Calculate the remainder when h is divided by d.
13
Calculate the remainder when (90/12)/((-1)/(-2)) is divided by 4.
3
Suppose 2*j - 3*j + 13 = 0. What is the remainder when j is divided by 8?
5
Suppose -x + l + 88 = 0, -3*x - x = 3*l - 352. What is the remainder when x is divided by 18?
16
Suppose 13*b = 257 - 23. What is the remainder when 26 is divided by b?
8
Let y = 41 - 32. Calculate the remainder when 15 is divided by y.
6
Let g be 26/7 - 10/(-35). Calculate the remainder when (-2)/g*(-73 - 1) is divided by 19.
18
Suppose 0 = -3*w + 58 - 16. Suppose r - w = -6. Suppose 2*j + 14 = 4*s, -s = -5*s - 4*j + 8. Calculate the remainder when r is divided by s.
2
Suppose 0 = -2*o + 52 - 12. Let a = 30 + -6. Suppose -3*v + a = -9. Calculate the remainder when o is divided by v.
9
Let j be ((-2)/1)/(8/32). What is the remainder when 12 is divided by ((-4)/j + 3)*2?
5
Suppose 3*y - 8 = -y. Suppose i - 2*b = -1 + 28, -y*b + 23 = i. Suppose 2*n - 40 = -3*u + n, 2*u = -5*n + 31. What is the remainder when i is divided by u?
12
Let q(x) = 34*x. Let u be q(-1). Let b = 12 - u. Calculate the remainder when b is divided by 174/11 - (30/(-55))/3.
14
Suppose 4*g - 4 = 8*g. Let w = 3 - g. Suppose -n + 1 = -1. Calculate the remainder when w is divided by n.
0
Let b = 68 - 39. Calculate the remainder when b is divided by 10.
9
Let x(o) = o**3 - 5*o**2 + o - 3. Let v be x(5). Suppose -3*n = -v*n - 10. What is the remainder when (-6 + 1)*(-4)/n is divided by 1?
0
Calculate the remainder when 94 is divided by (-65)/(-4) + 0 + 5/(-20).
14
Suppose -330 = -5*t + 70. Suppose t + 45 = 5*j. Suppose 0*k = -4*k + 52. Calculate the remainder when j is divided by k.
12
Suppose -4*y - 2*g = -0*g - 46, -2*g + 10 = 0. Calculate the remainder when (3/y)/(1/63) is divided by 6.
3
Suppose 2*f = 3*f - 42. Calculate the remainder when f is divided by 11.
9
Let v(j) = -j**3 - 17*j**2 - 35*j + 10. What is the remainder when v(-15) is divided by 4/22 - (-317)/11?
27
Suppose 21*h - 198 = 3*h. Calculate the remainder when 75 is divided by h.
9
What is the remainder when 38 is divided by -2*13/2*-1?
12
Let h = 31 + -27. Calculate the remainder when 9 is divided by h.
1
Let w(f) = 27*f - 2. What is the remainder when w(1) is divided by 7?
4
Let u(x) = -x**3 - 3*x**2 + 4*x + 4. Let m be u(-4). Suppose 130 = m*l + l. What is the remainder when l is divided by 9?
8
Let c = -9 + 6. Let z(x) = -3*x. Calculate the remainder when 35 is divided by z(c).
8
Let n = -3 + 10. Calculate the remainder when n is divided by 4.
3
Let y = 56 - 41. Let s = -25 + 69. What is the remainder when s is divided by y?
14
Let m(x) = x**3 - 20*x**2 + 7. Calculate the remainder when 23 is divided by m(20).
2
Suppose -4*f - 7 = 13, -3*f + 1 = 4*k. Calculate the remainder when ((-106)/k)/((-1)/2) is divided by (-38 + 0 - -3)*34/(-85).
11
Suppose -9 + 75 = -2*v. What is the remainder when (-2 - (-3 + v)) + 0 is divided by 18?
16
Let l = -6 + 11. Suppose -l*w + 7*w + 32 = -2*y, -3*y - 18 = w. What is the remainder when 13 is divided by w/(-12)*(-1 + 5)?
3
Let x(y) = 4*y - 13. What is the remainder when x(6) is divided by 3?
2
Let s be (-2)/(3/(-6) - 0). Let h(q) = 17*q**2 - 4. Let a(c) = -35*c**2 + 9. Let v(x) = s*a(x) + 9*h(x). Calculate the remainder when 25 is divided by v(1).
12
Suppose 5*y = 262 + 88. Suppose -y = 4*d - 306. Let h = 32 - 12. Calculate the remainder when d is divided by h.
19
Let r = 79 - -7. What is the remainder when r is divided by 22?
20
Calculate the remainder when 26 is divided by (-4)/1 - (-8 - 5).
8
Suppose 4*j - 2*a + 7*a = 78, -79 = -5*j + 3*a. Let p(v) = 3*v + 27. What is the remainder when p(7) is divided by j?
14
Suppose o + 2*o + c - 5 = 0, 0 = -3*o - 2*c + 7. Calculate the remainder when 81 is divided by 69/3 - 2/o.
18
Let f(p) = 3*p**3 + 2*p**2 - 3*p + 3. Let u = 14 + -36. Let i = 37 + u. Calculate the remainder when f(2) is divided by i.
14
Let m be (1/(-2))/(2/120). What is the remainder when ((-20)/3)/(4/m) is divided by 13?
11
What is the remainder when 278/4 + 4/(-8) is divided by 24?
21
Let n(r) = -r + 10. Suppose 10*u - 9 = u. Calculate the remainder when n(7) is divided by u.
0
Let h(j) = -6*j + 5. Calculate the remainder when h(-3) is divided by 6.
5
Suppose -3*q + t = -q - 16, 5*q + 4*t = 53. Let k = 57 - 33. What is the remainder when k is divided by q?
6
Suppose -3*d = d + 20. Let n = d - -11. What is the remainder when 17 is divided by n?
5
Suppose -4*n = n - 35. Calculate the remainder when 656/36 + 8/(-36) is divided by n.
4
Let k(x) = x**2 + 2*x + 2. Suppose 0 = 5*u - 3*z - 14, -u - 2*z = -5*z + 2. Let t be 2 + u/(-2) + -2. Calculate the remainder when 2 is divided by k(t).
0
Let a(z) = -4*z**3 + 2*z**2 + z - 4. Calculate the remainder when a(-2) is divided by 9.
7
Suppose 5*t = 6*j - 4*j + 40, 3*t - 25 = j. What is the remainder when 38 is divided by t?
8
Let c(z) = 7*z**2 - z + 7. What is the remainder when c(-3) is divided by 25?
23
Suppose 475 - 140 = 3*k + s, 2 = s. Calculate the remainder when k is divided by 29.
24
Let a = -17 - -30. Suppose 2*g + 5*q = -a, g + 5*q + 37 = 3*g. What is the remainder when 8 is divided by g?
2
Suppose -5*v + 3*q + 93 = -3*v, -2*q - 2 = 0. Suppose 3*i - 8*i + v = 0. Calculate the remainder when 26 is divided by i.
8
Suppose -5*z + 72 - 2 = 3*a, -47 = -2*z - 5*a. What is the remainder when 75 is divided by z?
9
Suppose 45 - 123 = -2*x. Suppose -3*z = -x + 3. What is the remainder when z is divided by 1/(-3) + 110/15?
5
What is the remainder when 46 + -4 + 8/(-2) is divided by 10?
8
Let d = 12 - 4. What is the remainder when 23 is divided by d?
7
Suppose 5*k - 8 - 2 = 0. Let j = -2 + 3. Calculate the remainder when k is divided by j.
0
Let p = -30 - -59. Let i = p - 13. What is the remainder when 47 is divided by i?
15
Suppose 5*l - 2*o = 74 - 9, 4*l - 52 = -o. What is the remainder when 49 is divided by l?
10
Suppose -6*l + 52 = -38. Calculate the remainder when 29 is divided by l.
14
Let v = -7 + -1. Let p(w) = -w**3 - 7*w**2 + w + 5. Let c = -22 - -43. What is the remainder when p(v) is divided by c?
19
Let c(x) = 43*x + 1. Calculate the remainder when c(1) is divided by 12.
8
Suppose 8*m - 140 = -12. Let j = 9 - -31. Let a = j - m. Calculate the remainder when 71 is divided by a.
23
Let q(b) = -3*b**3 - 2*b**2 + b. Let g = -268 - -428. Suppose 2*a + 2*a - g = 0. What is the remainder when a is divided by q(-2)?
12
Let x = 3 + -13. What is the remainder when 68 is divided by x/(-55) + (-588)/(-33)?
14
Let f(o) = -o**3 + 9*o**2 + 13*o - 15. Let p = 25 - 15. Calculate the remainder when f(p) is divided by 9.
6
Let n = -12 + 17. Suppose n = 2*w - 3. Calculate the remainder when 6 is divided by w.
2
Suppose 0 = -x - 3*x - 5*k + 142, -3*k + 184 = 5*x. Let a(t) = 3*t - 2. What is the remainder when x is divided by a(5)?
12
Suppose -33 = 4*v - 7*v. Calculate the remainder when 42 is divided by v.
9
Calculate the remainder when (-3)/((-30)/4) + 286/10 is divided by 16.
13
Suppose 4*b = -27 + 155. Let x = b - 17. What is the remainder when (88/3)/(-2)*-3 is divided by x?
14
Let r(w) be the first derivative of w**3/3 - 5*w - 8. Calculate the remainder when r(3) is divided by 3.
1
Let u = 126 + -86. Calculate the remainder when u is divided by 385/28 - (-2)/8.
12
Let c(d) be the third derivative of d**5/60 - 5*d**4/24 + d**3 - 2*d**2. Suppose -21 = 4*z - 7*z. What is the remainder when c(7) is divided by z?
6
Let q(s) = 2*s + 8. Let p be q(-4). Let u = 9 + p. Calculate the remainder when 33 is divided by u.
6
Suppose 0 = -0*w - 3*w + 4*q + 206, 3*q = -2*w + 109. What is the remainder when w is divided by 16?
14
Suppose 4*t - 2*t = 5*n + 62, 90 = 2*t + 2*n. Let x = 7 + -3. Suppose x*f - 56 = -0*f. Calculate the remainder when t is divided by f.
13
Let b = 14 - 9. Suppose -2*g + 8 = -6. Calculate the remainder